 i. Let j(t) be the third derivative of t**6/120 + t**5/60 - t**3/6 - 4*t**2. Calculate j(c).
-1
Suppose 5 = 4*q + 17. Let a(y) = 4 - 5 + 6 + 2*y. Let k(b) = 1. Let x(v) = -a(v) + 6*k(v). What is x(q)?
7
Let o(t) be the third derivative of -1/2*t**3 + 1/8*t**4 + 2*t**2 + 0 + 0*t - 1/30*t**5. Let j be ((-3)/(-6))/(1/4). Determine o(j).
-5
Let g(u) be the second derivative of u**3/3 + 3*u**2/2 + 5*u. Suppose 3*n = n. Suppose n = -3*x - t - 8, 12 = 4*x - 3*x + 4*t. Calculate g(x).
-5
Let l be (-2)/(-6) + -7*3/9. Let u(n) = -5 + 2*n**2 + 3 + n**3 - 4*n - 1. Determine u(l).
5
Let l(g) be the first derivative of g**4/4 - 5*g**3/3 + 2*g**2 - 2*g - 44. Calculate l(4).
-2
Let m be 2/(-3)*15/(-2). Let z(c) = 4 - m + 1 + c**2 - c. Give z(3).
6
Suppose -5*d + 30 = -3*j - 5, 4*d = -3*j + 1. Let i(x) = x**3 - 3*x**2 - 4*x. Determine i(d).
0
Let h = -1 + 1. Let i be (1 + h)*(0 + -1). Let o = i - 0. Let f(j) = -2*j - 1. Calculate f(o).
1
Let g(k) = -3*k - 1. Let x(i) = 4*i - 15. Let z(m) = m - 5. Let f(b) = 2*x(b) - 7*z(b). Let y be f(-5). Suppose -3*s - 2*c - 3 = y, 4*c = 2*c. Give g(s).
2
Suppose 4 + 4 = 4*m. Suppose m*x - 4*x - 10 = 0. Let v(s) be the second derivative of s**4/12 + 2*s**3/3 - 3*s**2 + 7*s + 2. What is v(x)?
-1
Let j be (-1 - -1)*(-1 - -2). Let a(b) = -1 + j + 4 + b - 4. Let i(x) = -x**2 - 3*x + 1. Let g be i(-2). Calculate a(g).
2
Let w(x) = -5*x**2 + 2*x - 1. Let o be w(1). Let h(m) be the second derivative of 2/3*m**3 + 1/12*m**4 - 6*m - 1/2*m**2 + 0. What is h(o)?
-1
Let g be (2/(-6))/((-3)/27). Suppose 0 = -2*s - p + 10, 0*s = -g*s - p + 13. Suppose 5*m + 0*l - s*l = -10, 4*m = -2*l - 30. Let k(v) = 3*v + 7. Give k(m).
-8
Let b(s) = -s**2 - 6*s - 3. Suppose 8*n - 3*n = 25. Suppose -6 = -n*h + 8*h. Calculate b(h).
5
Let l(d) be the first derivative of d**3/3 - d + 2. Let n = 7 - 4. Let k = 1 - n. Determine l(k).
3
Let l(b) = -b**2 - 8*b - 7. Let r be l(-7). Let a = r - -1. Let i(n) be the second derivative of -n**5/4 - n**4/6 + n**2/2 - 9*n. Calculate i(a).
-6
Suppose 4 - 16 = -2*o. Let s = -10 + o. Let y(t) = -4*t - t + 0*t**2 + 5 - t**2 - 11. Give y(s).
-2
Let d(n) be the second derivative of -3*n**2 + 0 + 1/3*n**3 - n. Calculate d(5).
4
Let w(u) = 4*u - 2. Let a(g) = -9*g + 5. Let j(n) = 3*a(n) + 7*w(n). Let r = -107 - -68. Let y be r/26*(-20)/(-6). What is j(y)?
-4
Let r(c) be the third derivative of -c**4/24 - c**3 + 10*c**2. Give r(-6).
0
Let a(f) = -f + 4. Let p be a(-5). Let i(z) = z**2 - 7*z - 13. Give i(p).
5
Let a(m) = m**3 - 4*m + 3. Let c be a(2). Let j(q) = -q + 4*q - c + 5 + q. Determine j(-2).
-6
Let m(i) = 4*i**3 - i**2 + 3*i + 7. Let s(h) = -7*h**3 + 3*h**2 - 6*h - 13. Let n(c) = -5*m(c) - 3*s(c). Calculate n(3).
4
Let h be ((-52)/6)/((-12)/18). Suppose 3*f = -5*b + 25, f + 5*b - 2 = h. Suppose 0*n = -f*n + 25. Let p(m) = m - 4. Give p(n).
1
Let n(j) = -j**2 + 2*j + 1. Suppose 3*f - f - 10 = 0. Suppose -2*l - 8 = 4*w, l = -f*w + 1 - 11. Suppose -5*a + a + 16 = l. Give n(a).
-7
Suppose v + 1 = -0*v - u, 4*v - 3*u + 39 = 0. Let h be (-4)/v - 26/(-6). Suppose -4*r - 28 = -4*x, 0 = 5*x - 2*r - 28 + h. Let l(m) = m + 2. What is l(x)?
5
Let j(h) = -2*h - 1. Suppose -4*t + 8*t - 4 = 4*x, -9 = -x + 3*t. Give j(x).
11
Let x(u) = 5*u + 6. Let c(a) = 9*a + 13. Let f(d) = 4*c(d) - 7*x(d). Let t = 9 - -5. Let q be (-66)/t - 10/35. Give f(q).
5
Let k(r) = 14*r**3 - 6*r**2 + 0*r**2 + 4*r**2 - r**2 - 1 + 4*r**2. Let u be (1/3)/(1/3). Determine k(u).
14
Suppose h = -2*s - 15, 4*s + 36 = 4*h - 0*h. Let q(g) = 2*g + 12. Give q(s).
-4
Let j be 16/(-12)*6/(-4). Let o(t) = -3*t**3 + 2*t**2 - t + 3. Let c(i) = -i**3 + i**2 - i + 1. Let w(m) = 4*c(m) - o(m). Determine w(j).
-5
Let s(z) = z**3 - 5*z**2 + 5*z - 3. Suppose 0 = 4*h - 2*p - 10, -4*h + 5 = 2*p - 9. What is s(h)?
-6
Let c(a) be the third derivative of -a**6/60 - a**5/20 + a**3/3 - 3*a**2. Suppose -u + 1 = 2*f - 3*f, 2*u = -2*f + 10. Suppose f = -z - 0*z. Calculate c(z).
6
Let z(a) = a**3 + 6*a**2 + 8*a + 6. Let h be ((-14)/(-6) - -1)/((-22)/33). Calculate z(h).
-9
Let u(h) be the first derivative of -h**2/2 - 2*h + 30. Determine u(-6).
4
Suppose -4*m - 8 = 4*d, 8*d - 4*m = 3*d + 26. Let o(s) be the first derivative of -1/2*s**d - 4*s - 1. Calculate o(-4).
0
Let h(r) = -r**2 - 3*r. Let c = -76 + 73. Determine h(c).
0
Let y(t) = -46 - 8*t - t**2 - t**2 + 43 + t**2. Determine y(-3).
12
Let m(o) = -o**3 - 6*o**2 - 4*o + 6. Suppose -10*s + 10 = -12*s. Give m(s).
1
Suppose 4*q = 4*t + 7 + 1, 0 = t - 2*q. Let j be (-4)/(8/3)*-2. Let k(g) = -4 + j*g + 0*g**2 + g**2 + 1. Calculate k(t).
1
Suppose 0 = 3*q + 5*a, 4*q - 2*a - 21 = q. Let o = 7 - q. Let z(l) = -l**3 - 2 + o - 1 - 2*l**2. Determine z(-3).
8
Let h(m) = 2*m - 17 - 10 + 25 + 0*m. Let z = 7 - 10. What is h(z)?
-8
Let g(i) be the second derivative of -i**5/20 + i**4/12 + i**3/3 - i**2/2 - 5*i. Let h be g(2). Let q(v) = 7*v**2 + v + 1. Determine q(h).
7
Let p(w) = 0 - w + 2 - 1 - 2. Let y(f) = 3*f + 9. Let v(g) = -2*p(g) - y(g). Give v(-3).
-4
Let d(a) = -7*a**2 + 0*a**3 + 12*a**2 - 4*a**3 - 5 + 5*a**3. Let t be (75/(-12))/(-5)*4. Suppose 0 = -3*l - 2*r - 25, t*r = 2*r - 15. Calculate d(l).
-5
Let w(u) = 2*u + 14. Let y(v) = v + 9. Suppose -2*x + 3*a + 10 = -0*a, 3*x = 2*a + 10. Let i = x + -10. Let k(h) = i*y(h) + 5*w(h). Determine k(2).
2
Suppose -24 = -13*s + 41. Let k(a) = -a + 4. What is k(s)?
-1
Let y be (2 - 3)/((-4)/4). Let j(a) = -3 + a - 7*a + 4. Determine j(y).
-5
Let h(z) = -5*z - 3*z**2 + 4*z**2 - 4 + 9. Let k be (2 + -3)*(-1)/(-1). Let y be k/(-5) - (-48)/10. What is h(y)?
5
Let s(h) = 13*h**3 - 4*h**2 + 2*h + 1. Let v(r) = -26*r**3 + 7*r**2 - 3*r - 2. Let c(b) = 7*s(b) + 4*v(b). Give c(1).
-12
Let f(j) = j**3 - 2*j**2 - 7*j + 8. Let x be f(3). Let g(s) = -s**2 - 5*s - 2. Give g(x).
2
Let z(j) = -7*j + 1. Let v(f) = -f - 2. Let x be v(-1). Let h be x - (-2 - -2 - 4). Suppose n = h*n - 2. Calculate z(n).
-6
Let x(c) = -c**3 - 4*c**2 - 2*c - 1. Let g be 4/14 + (-5)/(-7). Let t = 2 - g. Suppose 2*v + t - 11 = 5*r, 0 = 2*r + 4*v + 4. Give x(r).
-5
Suppose 4*t - t = 24. Let l = t - 4. Let z(a) = a**3 - 5*a**2 + 3*a - 2. Calculate z(l).
-6
Let s = -12 - -23. Let c = s - 20. Let t = c - -13. Let v(l) = -l**2 + 6*l - 4. What is v(t)?
4
Let n(b) be the first derivative of -b**2/2 - 3*b - 2. Calculate n(-3).
0
Let i(m) = m**3 - 3*m**2 - m + 3. Let j be i(3). Let l = 3 + j. Let n(w) = -1 - l*w + 9*w - 2 - w**2. Determine n(5).
2
Let s(n) = -n - 7. Let k(f) = 3*f. Let c be k(4). Let b(z) = -z**3 + 11*z**2 + 13*z - 13. Let l be b(c). Let g be l/(-2)*(-3 - -3). Calculate s(g).
-7
Let s(j) = -j**3 + 8*j**2 - 6*j - 6. Let k be s(7). Let d be 12/k*(-7)/14. Let w(c) = c**2 + 7*c + 6. Determine w(d).
0
Suppose 4*p = -5*f + 27, 0*p + 3*p = 3*f. Let x(j) be the first derivative of f*j - 1/2*j**2 + 4. Give x(0).
3
Let t(g) = g**3 + g. Let x(m) = -m**2 + 4*m + 2. Let l be x(5). Let k = -2 - l. Let a be 0 - (k - 1)/(-1). Give t(a).
0
Suppose x = 3*x - 3*x. Let q(m) = m + 9. Give q(x).
9
Let t(n) = -3*n**3 - 1. Suppose -5*u + 4*u = 2*y - 9, 2*y - 6 = -4*u. Calculate t(u).
2
Let g(m) = -4*m - 3 - 1 + 3*m. Suppose i - 12 = 4*i. Give g(i).
0
Let t(n) = n**2 - 4*n + 3. Suppose 5*h + 3*g - 26 = 0, -2*h + 6 = 2*h - 5*g. Suppose 0*m + h*m - 20 = 0. Give t(m).
8
Let s(j) = 2*j + 3. Suppose -2*a - 3 = -13. Suppose 4*d = -5*c + 21, 0*d = -d + a*c - 1. What is s(d)?
11
Let c(g) be the first derivative of g**3 + g**2 - g + 21. Determine c(-2).
7
Suppose -4*t + 29 = -7. Let g(o) = 7*o - 25. Let d(c) = 3*c - 12. Let s(w) = t*d(w) - 4*g(w). Let x(m) = 3. Let y(i) = 3*s(i) + 8*x(i). What is y(-2)?
6
Let g(i) = i**2 + 3*i - 2. Let n be g(-5). Suppose -3*z - 35 = 4*c, n*c + 45 = -4*z + 3*c. Let x(f) = 10 - 1 + 1 - 2 + f. Calculate x(z).
3
Let a(h) = 2*h + 17. Let t be a(-8). Let g(c) = -5*c**3 + c**2 - c + 1. Determine g(t).
-4
Let n(d) = -d + 2. Suppose 4*j - 13 + 1 = 2*x, 0 = 3*j - 3*x - 9. Calculate n(j).
-1
Let t(a) be the first derivative of -a**4/4 + 4*a**3/3 + 3*a**2/2 + a + 15. Determine t(4).
13
Let x(u) = u + 2. Let t be (28/16 - 2) + 14/(-8). Determine x(t).
0
Let h = -11 - -17. Suppose 0 = m - 3 + h. Let k(t) = t. Let f(r) = -3*r - 2. Let g(x) = f(x) + 2*k(x). Give g(m).
1
Let i(g) = -2*g**2 + 4*g - 5*g**2 - 8*g**2 + 16*g**2. Calculate i(-3).
-3
L